ed by 44.
41
Calculate the remainder when 6254 is divided by 46.
44
What is the remainder when 32 is divided by 26?
6
Calculate the remainder when 3122 is divided by 11.
9
Calculate the remainder when 194 is divided by 8.
2
What is the remainder when 406 is divided by 59?
52
Calculate the remainder when 57 is divided by 12.
9
Calculate the remainder when 4144 is divided by 122.
118
What is the remainder when 170 is divided by 89?
81
What is the remainder when 4525 is divided by 31?
30
What is the remainder when 165 is divided by 35?
25
What is the remainder when 12684 is divided by 215?
214
Calculate the remainder when 927 is divided by 35.
17
Calculate the remainder when 1466 is divided by 105.
101
What is the remainder when 154 is divided by 23?
16
What is the remainder when 4227 is divided by 8?
3
What is the remainder when 542 is divided by 86?
26
Calculate the remainder when 160 is divided by 45.
25
Calculate the remainder when 74 is divided by 16.
10
What is the remainder when 263 is divided by 44?
43
Calculate the remainder when 3975 is divided by 173.
169
What is the remainder when 2932 is divided by 52?
20
What is the remainder when 12930 is divided by 61?
59
Calculate the remainder when 356 is divided by 117.
5
Calculate the remainder when 876 is divided by 49.
43
Calculate the remainder when 1502 is divided by 214.
4
What is the remainder when 210 is divided by 58?
36
What is the remainder when 58 is divided by 12?
10
Calculate the remainder when 148 is divided by 18.
4
Calculate the remainder when 18327 is divided by 4.
3
What is the remainder when 1063 is divided by 351?
10
What is the remainder when 664 is divided by 31?
13
Calculate the remainder when 2166 is divided by 11.
10
What is the remainder when 55 is divided by 21?
13
What is the remainder when 2802 is divided by 104?
98
What is the remainder when 10196 is divided by 9?
8
Calculate the remainder when 454 is divided by 160.
134
Calculate the remainder when 1388 is divided by 366.
290
What is the remainder when 479 is divided by 22?
17
Calculate the remainder when 73 is divided by 45.
28
What is the remainder when 156 is divided by 15?
6
Calculate the remainder when 1362 is divided by 105.
102
What is the remainder when 3489 is divided by 116?
9
What is the remainder when 1011 is divided by 125?
11
What is the remainder when 424 is divided by 131?
31
What is the remainder when 23715 is divided by 49?
48
Calculate the remainder when 1169 is divided by 42.
35
Calculate the remainder when 436 is divided by 84.
16
What is the remainder when 155 is divided by 2?
1
What is the remainder when 73 is divided by 37?
36
What is the remainder when 556 is divided by 143?
127
Calculate the remainder when 1455 is divided by 26.
25
Calculate the remainder when 250 is divided by 91.
68
What is the remainder when 1332 is divided by 96?
84
Calculate the remainder when 114 is divided by 71.
43
What is the remainder when 584 is divided by 39?
38
What is the remainder when 1149 is divided by 166?
153
Calculate the remainder when 445 is divided by 88.
5
Calculate the remainder when 446 is divided by 174.
98
What is the remainder when 243 is divided by 81?
0
Calculate the remainder when 15 is divided by 6.
3
What is the remainder when 2692 is divided by 55?
52
Calculate the remainder when 176 is divided by 20.
16
What is the remainder when 32299 is divided by 100?
99
What is the remainder when 2277 is divided by 26?
15
What is the remainder when 2151 is divided by 154?
149
Calculate the remainder when 19 is divided by 13.
6
What is the remainder when 17 is divided by 15?
2
Calculate the remainder when 237 is divided by 49.
41
What is the remainder when 1435 is divided by 711?
13
What is the remainder when 740 is divided by 255?
230
Calculate the remainder when 24 is divided by 8.
0
Calculate the remainder when 112 is divided by 99.
13
Calculate the remainder when 59 is divided by 33.
26
Calculate the remainder when 136 is divided by 48.
40
Calculate the remainder when 39 is divided by 4.
3
Calculate the remainder when 278 is divided by 150.
128
Calculate the remainder when 3553 is divided by 9.
7
What is the remainder when 404 is divided by 24?
20
Calculate the remainder when 7919 is divided by 240.
239
What is the remainder when 446 is divided by 28?
26
Calculate the remainder when 1295 is divided by 81.
80
Calculate the remainder when 147 is divided by 32.
19
Calculate the remainder when 374 is divided by 14.
10
Calculate the remainder when 486 is divided by 122.
120
Calculate the remainder when 54 is divided by 29.
25
What is the remainder when 242 is divided by 42?
32
What is the remainder when 839 is divided by 24?
23
Calculate the remainder when 2141 is divided by 39.
35
What is the remainder when 623 is divided by 57?
53
What is the remainder when 3693 is divided by 28?
25
Calculate the remainder when 28 is divided by 23.
5
What is the remainder when 25 is divided by 19?
6
What is the remainder when 2855 is divided by 75?
5
Calculate the remainder when 53 is divided by 12.
5
Calculate the remainder when 2270 is divided by 289.
247
Calculate the remainder when 819 is divided by 103.
98
Calculate the remainder when 308 is divided by 63.
56
Calculate the remainder when 1121 is divided by 51.
50
Calculate the remainder when 243 is divided by 64.
51
What is the remainder when 212 is divided by 67?
11
What is the remainder when 481 is divided by 11?
8
Calculate the remainder when 448 is divided by 9.
7
What is the remainder when 98 is divided by 45?
8
What is the remainder when 139 is divided by 31?
15
What is the remainder when 1089 is divided by 39?
36
What is the remainder when 115 is divided by 4?
3
What is the remainder when 458 is divided by 229?
0
Calculate the remainder when 12048 is divided by 117.
114
What is the remainder when 432 is divided by 413?
19
Calculate the remainder when 754 is divided by 260.
234
Calculate the remainder when 3298 is divided by 60.
58
What is the remainder when 533 is divided by 49?
43
Calculate the remainder when 119 is divided by 62.
57
Calculate the remainder when 272 is divided by 68.
0
What is the remainder when 6048 is divided by 1207?
13
Calculate the remainder when 629 is divided by 2.
1
What is the remainder when 414 is divided by 38?
34
Calculate the remainder when 85 is divided by 10.
5
What is the remainder when 3929 is divided by 112?
9
Calculate the remainder when 20 is divided by 14.
6
What is the remainder when 529 is divided by 28?
25
What is the remainder when 213 is divided by 128?
85
What is the remainder when 101 is divided by 47?
7
What is the remainder when 263 is divided by 65?
3
What is the remainder when 7864 is divided by 123?
115
What is the remainder when 82 is divided by 30?
22
Calculate the remainder when 464 is divided by 41.
13
What is the remainder when 344 is divided by 108?
20
Calculate the remainder when 374 is divided by 366.
8
What is the remainder when 179 is divided by 36?
35
Calculate the remainder when 24 is divided by 14.
10
Calculate the remainder when 142 is divided by 22.
10
What is the remainder when 3848 is divided by 64?
8
What is the remainder when 156 is divided by 32?
28
Calculate the remainder when 28 is divided by 26.
2
What is the remainder when 567 is divided by 26?
21
What is the remainder when 650 is divided by 211?
17
What is the remainder when 281 is divided by 141?
140
Calculate the remainder when 723 is divided by 360.
3
Calculate the remainder when 7101 is divided by 4.
1
What is the remainder when 383 is divided by 190?
3
Calculate the remainder when 314 is divided by 26.
2
What is the remainder when 68 is divided by 27?
14
What is the remainder when 266 is divided by 93?
80
What is the remainder when 249 is divided by 12?
9
Calculate the remainder when 790 is divided by 113.
112
Calculate the remainder when 117 is divided by 29.
1
What is the remainder when 2514 is divided by 59?
36
Calculate the remainder when 8487 is divided by 24.
15
Calculate the remainder when 1473 is divided by 36.
33
Calculate the remainder when 1096 is divided by 61.
59
Calculate the remainder when 10846 is divided by 2.
0
What is the remainder when 37 is divided by 15?
7
Calculate the remainder when 13724 is div